{"id":8083,"date":"2022-05-23T10:58:51","date_gmt":"2022-05-23T07:58:51","guid":{"rendered":"https:\/\/dincmetalsehpa.com\/?page_id=8083"},"modified":"2022-05-23T11:02:07","modified_gmt":"2022-05-23T08:02:07","slug":"hakkimizda","status":"publish","type":"page","link":"https:\/\/dincmetalsehpa.com\/index.php\/hakkimizda\/","title":{"rendered":"Hakk\u0131m\u0131zda"},"content":{"rendered":"<p>Din\u00e7 Metal Sehpa , metal sehpa \u00fcretimi ve sat\u0131\u015f\u0131 alan\u0131nda en kaliteli \u00fcr\u00fcnleri t\u00fcketiciye en uygun fiyatlarla sunma amac\u0131yla 2014 tarihinde Din\u00e7 Metal Sehpa ad\u0131 alt\u0131nda O\u011fuzhan Din\u00e7 taraf\u0131ndan kurulmu\u015ftur.&nbsp; 2014 y\u0131l\u0131ndan bu yana metal sehpa \u00fcretimi sekt\u00f6r\u00fcnde . Ankara&#8217;da bulunan firmam\u0131z her zaman m\u00fc\u015fterilerinin memnuniyetini \u00f6ncelikleri aras\u0131nda ilk s\u0131raya koymu\u015ftur. Bu yakla\u015f\u0131m\u0131m\u0131z\u0131 E-ticaret sitemizden yap\u0131lan al\u0131\u015fveri\u015fler i\u00e7in de ayn\u0131 titizlikle g\u00f6stermeye devam etmekteyiz. M\u00fc\u015fterilerimizin verdikleri sipari\u015flerin en k\u0131sa s\u00fcrede kendilerine ula\u015fmas\u0131 i\u00e7in s\u00fcrekli olarak stoklu \u00e7al\u0131\u015fmaktay\u0131z.<\/p>\n<p>dincmetalsehpa.com sitemiz \u00fczerinden yapt\u0131\u011f\u0131n\u0131z al\u0131\u015fveri\u015flerin en sorunsuz \u015fekilde ger\u00e7ekle\u015fmesi ve gerekli durumlarda iptal, iade ve de\u011fi\u015fim taleplerinin h\u0131zla i\u015fleme al\u0131nabilmesi i\u00e7in m\u00fc\u015fteri hizmetlerimiz her zaman sizi dinlemeye ve \u00e7\u00f6z\u00fcm \u00fcretmeye haz\u0131rd\u0131r. \u0130yi al\u0131\u015fveri\u015fler dileriz!<\/p>\n","protected":false},"excerpt":{"rendered":"<p>Din\u00e7 Metal Sehpa , metal sehpa \u00fcretimi ve sat\u0131\u015f\u0131 alan\u0131nda en kaliteli \u00fcr\u00fcnleri t\u00fcketiciye en uygun fiyatlarla sunma amac\u0131yla 2014<\/p>\n","protected":false},"author":1,"featured_media":0,"parent":0,"menu_order":0,"comment_status":"closed","ping_status":"closed","template":"","meta":{"footnotes":""},"class_list":["post-8083","page","type-page","status-publish","hentry"],"_links":{"self":[{"href":"https:\/\/dincmetalsehpa.com\/index.php\/wp-json\/wp\/v2\/pages\/8083","targetHints":{"allow":["GET"]}}],"collection":[{"href":"https:\/\/dincmetalsehpa.com\/index.php\/wp-json\/wp\/v2\/pages"}],"about":[{"href":"https:\/\/dincmetalsehpa.com\/index.php\/wp-json\/wp\/v2\/types\/page"}],"author":[{"embeddable":true,"href":"https:\/\/dincmetalsehpa.com\/index.php\/wp-json\/wp\/v2\/users\/1"}],"replies":[{"embeddable":true,"href":"https:\/\/dincmetalsehpa.com\/index.php\/wp-json\/wp\/v2\/comments?post=8083"}],"version-history":[{"count":0,"href":"https:\/\/dincmetalsehpa.com\/index.php\/wp-json\/wp\/v2\/pages\/8083\/revisions"}],"wp:attachment":[{"href":"https:\/\/dincmetalsehpa.com\/index.php\/wp-json\/wp\/v2\/media?parent=8083"}],"curies":[{"name":"wp","href":"https:\/\/api.w.org\/{rel}","templated":true}]}}